
False
Is 3805017 a multiple of 3?
True
Is 698 a factor of 5089816?
True
Is 1856 a factor of 1602360676?
False
Is 4 a factor of 3817924?
True
Does 69 divide 1720471806?
True
Does 62 divide 14590417?
False
Is 1864498404 a multiple of 276?
True
Is 2023896051 a multiple of 47?
False
Does 84 divide 4561872?
True
Is 3370 a factor of 31640930?
True
Is 19294464 a multiple of 888?
True
Is 326 a factor of 89377138?
True
Is 292 a factor of 91470752?
True
Does 44 divide 3129169?
False
Is 27 a factor of 1337626024?
False
Is 16970964 a multiple of 69?
True
Is 14 a factor of 1388184952?
True
Does 4 divide 12613490?
False
Does 1448 divide 2872325200?
True
Is 1200175207 a multiple of 502?
False
Is 2243 a factor of 2042601408?
True
Is 3 a factor of 230850338?
False
Is 212 a factor of 1704785201?
False
Does 31 divide 117017068?
False
Does 848 divide 251202458?
False
Does 3208 divide 193833776?
True
Is 8 a factor of 3660010973?
False
Does 49 divide 65290589?
True
Is 5227 a factor of 1185317113?
False
Is 197304595 a multiple of 1913?
False
Is 99959679 a multiple of 263?
False
Is 557 a factor of 119205575?
False
Does 115 divide 1999315703?
False
Is 51089715 a multiple of 15?
True
Does 40 divide 681942840?
True
Is 17 a factor of 412875193?
False
Does 63 divide 313218?
False
Is 2937643312 a multiple of 17?
False
Is 10 a factor of 5946793?
False
Is 84875550 a multiple of 30?
True
Does 363 divide 8616663?
False
Does 6 divide 238694225?
False
Is 822164246 a multiple of 15?
False
Is 1194 a factor of 90088817?
False
Is 435 a factor of 104842830?
True
Is 606 a factor of 55933798?
False
Does 376 divide 79681544?
True
Does 31 divide 131806269?
False
Does 4537 divide 18501763?
False
Is 567 a factor of 5847559?
False
Does 41 divide 100958482?
True
Does 468 divide 47733192?
True
Does 701 divide 305884855?
True
Is 12 a factor of 28615891?
False
Is 923 a factor of 143569256?
False
Does 383 divide 41012048?
False
Is 57 a factor of 45420038?
False
Does 1260 divide 78528041?
False
Is 33454329 a multiple of 1568?
False
Does 2428 divide 46889536?
True
Is 84 a factor of 66620946?
False
Is 84 a factor of 1598170560?
True
Is 1112506710 a multiple of 8610?
True
Does 94 divide 61951278?
False
Is 666 a factor of 152574197?
False
Is 4236629 even?
False
Is 117 a factor of 25416378?
True
Is 259544111 a multiple of 5?
False
Is 740 a factor of 71678358?
False
Does 16 divide 48579946?
False
Is 993 a factor of 87771881?
False
Is 2 a factor of 131021761?
False
Is 10942353 a multiple of 23?
False
Is 9151038 a multiple of 39?
True
Is 56 a factor of 785611?
False
Is 1090 a factor of 304792098?
False
Is 55 a factor of 17526960?
True
Is 8 a factor of 16418884?
False
Is 346607595 a multiple of 295?
True
Is 17 a factor of 178721527?
True
Does 1223 divide 268133473?
False
Does 264 divide 67324478?
False
Is 559 a factor of 11600927?
True
Is 58 a factor of 547950070?
True
Does 16 divide 6549871520?
True
Is 5 a factor of 47002340?
True
Does 500 divide 8903500?
True
Is 74 a factor of 2646231620?
False
Does 69 divide 103913336?
False
Is 13139808 a multiple of 66?
True
Is 160 a factor of 2097513419?
False
Is 336802420 a multiple of 1211?
False
Does 469 divide 28738913?
True
Is 84152563 a multiple of 238?
False
Does 2051 divide 27713112?
True
Is 459 a factor of 267632343?
True
Is 1476154360 a multiple of 389?
False
Is 106225824 a multiple of 32?
True
Does 821 divide 53762767?
False
Is 6 a factor of 16405862?
False
Is 9666816 a multiple of 96?
True
Does 13 divide 36163234?
False
Is 375 a factor of 99895220?
False
Is 32604512 a multiple of 328?
True
Is 708465838 a multiple of 291?
False
Does 68 divide 104103988?
True
Does 31 divide 100756045?
True
Is 44735916 a multiple of 4?
True
Is 168646140 a multiple of 757?
False
Is 1758728111 a multiple of 10?
False
Does 69 divide 46215441?
True
Is 66 a factor of 655256307?
False
Is 894384336 a multiple of 5717?
False
Is 1235940500 a multiple of 95?
True
Is 741 a factor of 282498829?
False
Does 60 divide 90181080?
True
Does 105 divide 27173685?
True
Does 959 divide 3650060611?
False
Is 11 a factor of 2250523594?
True
Is 335 a factor of 56308140?
True
Is 18 a factor of 65109996?
True
Does 58 divide 190681616?
False
Is 225 a factor of 214301475?
True
Does 50 divide 117501097?
False
Does 6 divide 148321500?
True
Is 12 a factor of 39702002?
False
Is 436 a factor of 190820778?
False
Is 2434 a factor of 88049950?
True
Is 501219005 a multiple of 35?
True
Is 197755344 a multiple of 2736?
True
Is 17397414 a multiple of 71?
True
Is 2434664454 a multiple of 220?
False
Does 1725 divide 14117400?
True
Does 170 divide 884045145?
False
Does 149 divide 8875044?
False
Is 659396697 a multiple of 339?
True
Is 857050552 a multiple of 62?
True
Does 2608 divide 176354861?
False
Is 161 a factor of 95063947?
False
Is 2007670685 a multiple of 3488?
False
Does 302 divide 28551115?
False
Is 3810 a factor of 150907858?
False
Is 6 a factor of 2042373?
False
Is 9309404 a multiple of 110?
False
Is 1480 a factor of 24851211?
False
Is 3 a factor of 1194264859?
False
Does 65 divide 87086675?
True
Is 833416960 a multiple of 20?
True
Is 222 a factor of 37789506?
True
Is 20582608 a multiple of 368?
True
Is 103915972 a multiple of 674?
True
Is 35290112 a multiple of 44?
True
Is 5194426 a multiple of 6?
False
Is 8 a factor of 525930515?
False
Is 215 a factor of 43058695?
True
Is 82335799 a multiple of 234?
False
Does 687 divide 37787371?
False
Is 731 a factor of 122742210?
True
Is 105721472 a multiple of 1102?
True
Does 353 divide 73440591?
True
Is 23 a factor of 6215961?
False
Is 46980466 a multiple of 1038?
False
Is 576 a factor of 15430707?
False
Is 29 a factor of 1881985247?
True
Is 489962444 a multiple of 508?
True
Is 7 a factor of 6406456?
True
Is 853982581 a multiple of 131?
True
Is 96606495 a multiple of 8?
False
Does 13 divide 47516939?
False
Is 226 a factor of 157974226?
True
Does 85 divide 426446275?
True
Does 809 divide 546569299?
True
Is 121 a factor of 183514997?
False
Does 43 divide 398629092?
True
Does 528 divide 24862992?
True
Does 117 divide 9090673?
False
Is 78 a factor of 168348414?
True
Is 2 a factor of 2437545?
False
Is 35 a factor of 39756683?
False
Is 2008 a factor of 32322776?
True
Is 30740860 a multiple of 66?
False
Is 74 a factor of 483052834?
True
Does 487 divide 106772802?
True
Is 20146765 a multiple of 5?
True
Does 32 divide 1135779104?
True
Is 45 a factor of 238975458?
False
Is 51628747 a multiple of 345?
False
Does 2182 divide 52749888?
False
Is 13 a factor of 5757415?
False
Is 120364608 a multiple of 832?
True
Is 253 a factor of 85838235?
False
Is 23854525 a multiple of 39?
False
Is 10 a factor of 952706480?
True
Is 236833428 a multiple of 12?
True
Does 39 divide 2785225938?
False
Is 32 a factor of 531119104?
True
Is 7730264 a multiple of 38?
True
Is 988860576 a multiple of 528?
True
Is 1040 a factor of 66296826?
False
Is 44 a factor of 6221384384?
False
Does 37 divide 42549445?
True
Is 531 a factor of 62342586?
True
Does 43 divide 24501400?
True
Is 1076 a factor of 5059352?
True
Is 3219668 a multiple of 66?
False
Is 10 a factor of 16798130?
True
Does 17 divide 2346731?
True
Is 402997256 a multiple of 8?
True
Does 40 divide 36089080?
True
Does 11 divide 1103329933?
False
Is 40304374 a multiple of 9?
False
Is 245 a factor of 60184495?
True
Does 31 divide 1928996979?
True
Is 272 a factor of 95715935?
False
Is 2 a factor of 83031828?
True
Is 99795039 a multiple of 6?
False
Does 14 divide 80563814?
False
Is 69513225 a multiple of 75?
True
Is 41544402 a multiple of 186?
True
Is 1868302474 a multiple of 223?
True
Does 4 divide 60709929?
False
Is 50 a factor of 25495250?
True
Is 20 a factor of 675709924?
False
Does 42 divide 933261653?
False
Is 9 a factor of 200001771?
True
Does 94 divide 2862596194?
True
Is 15 a factor of 301890626?
False
Is 42 a factor of 1910479620?
True
Does 18 divide 8212176?
True
Is 17 a factor of 19790509?
False
Is 19 a factor of 8328920?
False
Is 11 a factor of 66049314?
False
Is 319 a factor of 18604718?
True
Is 82 a factor of 106561214?
True
Is 170 a factor of 33703010?
True
Is 1118 a factor of 219209614?
True
Does 179 divide 1037883170?
True
Does 3 divide 4083142?
False
Is 730 a factor of 2321400?
True
Is 213322904 a multiple of 428?
True
Is 674792712 a m